What is the greatest common divisor of 78 and j?
6
Let y(x) = 64*x**2 + 38*x + 2. Let j be y(-2). Calculate the greatest common divisor of 658 and j.
14
Let k(c) = 21*c**3 - 6*c**2 - 38*c + 81. Let j be k(5). What is the highest common factor of j and 728?
182
Suppose 0 = j + 1, 23*y - 21*y = -5*j + 1163. Calculate the highest common factor of y and 56.
8
Suppose -2*a + 528 + 120 = 2*l, -3*l + 3*a + 936 = 0. What is the greatest common factor of l and 3922?
106
Let o = 33 - 29. Let f be (o + 50/(-35))/((-2)/(-14)). Let g = f + 17. Calculate the highest common divisor of g and 5.
5
Suppose 0*u + 15*u - 540 = 0. Let x be ((-2784)/(-203))/(1/42). What is the highest common factor of u and x?
36
Let j = -35 + 35. Suppose j = 3*z - 180 - 54. Let q be 2288/z*(-78)/(-4). Calculate the highest common factor of q and 52.
52
Suppose 2*b = z + 113, 42*b - 37*b + z - 258 = 0. Calculate the greatest common factor of b and 12879.
53
Suppose 0 = -125*l - 79*l + 4325 - 245. Suppose 0 = -5*g + 5*w + 660, g + w - 140 = 6*w. Calculate the highest common divisor of g and l.
10
Let k = 13 + 17. Let h(d) = d**3 - d**2 + 7*d + 660. Let b be h(0). Calculate the highest common factor of k and b.
30
Suppose 0 = -17*v - 41885 + 45336. Calculate the highest common divisor of v and 18270.
203
Suppose -3152 = 27*t - 26102. Calculate the greatest common divisor of 550 and t.
50
Suppose -2*z + 2482 = -p, -2*z + 739 = p - 1735. Calculate the greatest common factor of 708 and z.
177
Let z(i) = i**3 + 10*i**2 - 10*i - 11. Let b be z(-11). Let m(c) = -c + 22. Let s be m(-16). Let h = s - b. What is the highest common factor of h and 12?
12
Suppose 64 = 2*k + 5770*p - 5774*p, -3*k - 2*p + 72 = 0. What is the greatest common factor of 7514 and k?
26
Let z(c) = 12*c**2 - 35*c - 811. Let d be z(-17). Calculate the highest common divisor of d and 12.
12
Let f(l) = 25*l**2 + 34*l - 14. Let q be f(-4). What is the greatest common divisor of 300 and q?
50
Suppose 1295 = 3*h - m, -5*h + 2*m + 2155 = -3*m. Let a be 10/(-75) + (-17094)/(-630). What is the greatest common divisor of h and a?
27
Suppose -3*y + y = -20. Suppose 3*s + 1365*m = 1370*m + 270, -5*s + m + 406 = 0. What is the greatest common divisor of s and y?
10
Let y(d) = 4*d**3 - 29*d**2 + d - 35. Let q be y(8). Calculate the greatest common factor of q and 660.
165
Let n(w) = -282*w + 5088. Let i be n(18). Calculate the greatest common factor of 4416 and i.
12
Let t = -2534 + 3424. Calculate the highest common factor of 50 and t.
10
Let r(n) = 27*n**2 + 12*n - 6. Suppose -62*j = -75*j - 26. Let v be r(j). What is the greatest common factor of 6 and v?
6
Let t be ((-5)/10)/(1/(-56)). Suppose 0 = -w + 2*u + u + 122, -u + 2 = 0. Suppose -w = 5*b - 268. Calculate the greatest common divisor of t and b.
28
Let y = -1 + 5. Suppose 7*a = y*a + 84. Suppose 5*w - 1263 = r, -6*w - r + 753 = -3*w. Calculate the highest common divisor of a and w.
28
Let o(g) = g + 11. Let l be o(-10). Suppose 6*h + 21 = 27*h. What is the greatest common factor of l and h?
1
Let i = 17087 - 8999. Calculate the highest common divisor of 24 and i.
24
Suppose 0 = -3*z + 2*z. Suppose 13*o = 15*o - 4*m + 8, 5*o + 5*m = 40. Suppose 2*x + 6 = 0, g + o*x + 5 = -z. What is the highest common factor of g and 56?
7
Suppose -717 = -5*n - 3*b, 0 = -3*n - 5*b + 2*b + 429. Let h be (40*(-54)/(-144))/(6/(-304)). Let p = 778 + h. Calculate the greatest common factor of p and n.
18
Let c = -205 + 199. Let p be c - (-16 - -5) - -9. Calculate the greatest common factor of 98 and p.
14
Let w = 255 - 317. Let r = w - -65. What is the highest common divisor of 6 and r?
3
Let f be (-1084)/(-34) - (-80)/680. Calculate the highest common divisor of 144 and f.
16
Suppose 4*v + 2*i + 2*i - 124 = 0, 4*v + 3*i = 126. Let p be 2306/14 - 135/189*(-2)/5. Calculate the highest common divisor of v and p.
33
Let c = -477 + 478. Suppose q = -h + 17, 4*h = -c - 11. Suppose 3*v = 4*w - 91, 4*v = -5*w - v + 140. What is the greatest common divisor of q and w?
5
Let o(i) = -2*i**2 + 14*i + 49. Let n(q) = 3*q**2 - 13*q - 48. Let g(w) = 3*n(w) + 4*o(w). Let y be g(14). Calculate the greatest common factor of 108 and y.
54
Let k be ((-1)/2)/((-63)/3528). Let f = k - 1. Calculate the greatest common factor of f and 513.
27
Let u = -32 - -47. Suppose -u*b + 2510 = 5*m - 19*b, 1543 = 3*m + 5*b. Calculate the highest common divisor of m and 23.
23
Let b be -7 + 4 + 2*265. Let z = -402 + b. Suppose 4*u - 237 = -37. What is the highest common factor of z and u?
25
Let g = 21 + -14. Let q = 409 + -407. Suppose -5 = -q*m + g. Calculate the highest common divisor of 66 and m.
6
Let u = -6 - -1. Let n be 5/(-15) + (-4)/6 - u. Let y be 22/n*(-1)/((-3)/12). What is the greatest common divisor of y and 22?
22
Let p(x) = 2*x**3 - 19*x**2 - 10*x + 68. Let f be p(13). Calculate the greatest common divisor of f and 19.
19
Let c = 1112 + -779. What is the highest common factor of c and 36?
9
Let b(t) = -9*t**2 + 11*t - 50. Let u be b(7). Let l = 2 - u. Calculate the greatest common divisor of l and 26.
26
Let u(q) = -23 - 257*q**3 + 9*q**2 - 11*q - 254*q**3 + 512*q**3. Let i be u(-9). What is the greatest common divisor of 76 and i?
76
Let b = -10117 + 10273. What is the highest common factor of 2067 and b?
39
Suppose -3*i - 4*m = -10676, 534 = 3*m + 546. What is the greatest common factor of 180 and i?
36
Let f be 9/(135/12)*-10. Let q be 3/(((-3)/12)/(62/f)). Suppose -q = -o - 2*o. Calculate the highest common factor of 217 and o.
31
Suppose 3*s = 3*k + 6, s + k + 2*k - 2 = 0. Suppose -3*n + 65 = s*n. Suppose -n = -2*o + 3. Calculate the highest common divisor of 2 and o.
2
Suppose 0 = 5*p - 1087*x + 1082*x - 130, 5*x + 97 = 4*p. Calculate the highest common divisor of p and 33539.
11
Let l(s) = -122*s**2 + 1553*s + 4. Let g be l(6). What is the greatest common divisor of g and 102?
34
Let j = 112 - 100. Let o(a) = 12*a**3 - 7*a**2 + 28*a - 60. Let r be o(4). What is the highest common divisor of r and j?
12
Let p be (318/(-8))/((-18)/48). Let x = p + -72. Let w = x - 10. Calculate the greatest common factor of w and 4.
4
Let l(i) be the second derivative of -536*i**3/3 + 14*i**2 + i. Let h be l(-1). What is the highest common divisor of h and 55?
55
Let b(j) = 2*j**2 + 40*j + 5. Let k be b(-20). Suppose -k*u - 4*v + 238 + 310 = 0, -546 = -5*u - 3*v. Calculate the greatest common factor of u and 4.
4
Suppose -5*d + m - 3484 = 0, 0 = 2*d - m - 4*m + 1412. Let q be (-9 + d/(-40))*30/4. Calculate the highest common factor of q and 9.
9
Suppose -22*u - u + 1154 - 188 = 0. What is the highest common divisor of 406 and u?
14
Let x be 7/(21/19) + 4/6. Let g be (-5)/35*-2*x - -25. Calculate the greatest common divisor of g and 45.
9
Let a(r) = -23*r + 4. Let u be a(0). Suppose 5*j + 4*m = 36 + 5, u*m = -3*j + 31. Calculate the greatest common divisor of 295 and j.
5
Let o(p) = -p + 160. Let m be o(0). Let b = -265 - -305. Let u be (864/(-90))/((-6)/b). What is the highest common factor of u and m?
32
Suppose -115*o + 18*o + 188 = -3*o. Calculate the greatest common factor of 446 and o.
2
Let u = 30 + -30. Suppose 0*t - 7*t + 49 = u. Let l = t - -12. What is the greatest common factor of l and 209?
19
Let l = -7517 + 9245. What is the highest common factor of 24 and l?
24
Let c(v) = 50*v**2 + 232*v + 8. Let n be c(-5). What is the highest common divisor of n and 938?
14
Let d(t) = t**3 - 11*t**2 + 4628. Let b be d(0). What is the greatest common divisor of b and 52?
52
Let i = -25846 - -25945. Calculate the greatest common divisor of 4491 and i.
9
Let c(l) = 6*l - 17. Let v be c(8). Suppose -v = -3*t + 59. Let r = 3 - -9. Calculate the highest common factor of t and r.
6
Let f be (-7)/2*-6 + -1. Let h be f/90 - 140/(-18). Let d be 57/2*h/6. Calculate the greatest common divisor of 19 and d.
19
Suppose 0 = -8*c - c + 5*c. Suppose -4*r + 8*r - 8 = c. Suppose -2*n = 2*h - 480, 4*h - 11 = -r*n + 955. What is the highest common divisor of h and 27?
27
Let v be (-4 + 88)*8/3. Suppose -h - 3136 = -5*i, 0 = -4*i + 4*h + 478 + 2018. Let q = i + -600. Calculate the highest common factor of q and v.
28
Let a(k) = 163*k**3 + 2*k**2 - 328*k + 326. Let q be a(1). What is the highest common factor of q and 3?
1
Let g be (-7)/(-28)*(